 the remainder when 268864 is divided by 268846.
18
Calculate the remainder when 20724 is divided by 40.
4
Calculate the remainder when 1485 is divided by 944.
541
Calculate the remainder when 1112 is divided by 270.
32
Calculate the remainder when 3214 is divided by 1064.
22
Calculate the remainder when 24164 is divided by 15.
14
Calculate the remainder when 384253 is divided by 167.
153
Calculate the remainder when 1508 is divided by 171.
140
Calculate the remainder when 71130 is divided by 27.
12
What is the remainder when 184158 is divided by 42?
30
Calculate the remainder when 205471 is divided by 142.
139
Calculate the remainder when 1783 is divided by 238.
117
What is the remainder when 3180 is divided by 65?
60
What is the remainder when 4435 is divided by 279?
250
Calculate the remainder when 64465 is divided by 796.
785
What is the remainder when 226638 is divided by 249?
48
Calculate the remainder when 64788 is divided by 21596.
0
Calculate the remainder when 47720 is divided by 115.
110
Calculate the remainder when 600 is divided by 136.
56
Calculate the remainder when 7649868 is divided by 16.
12
Calculate the remainder when 26912 is divided by 6664.
256
Calculate the remainder when 238109 is divided by 6.
5
What is the remainder when 3363 is divided by 23?
5
What is the remainder when 624832 is divided by 24993?
7
What is the remainder when 254173 is divided by 47?
44
What is the remainder when 11113 is divided by 1575?
88
What is the remainder when 89582 is divided by 88?
86
What is the remainder when 55249 is divided by 13811?
5
What is the remainder when 31316 is divided by 360?
356
Calculate the remainder when 330449 is divided by 110146.
11
What is the remainder when 1467 is divided by 164?
155
Calculate the remainder when 6709367 is divided by 92.
83
What is the remainder when 900 is divided by 186?
156
Calculate the remainder when 170878 is divided by 128.
126
Calculate the remainder when 253107 is divided by 10.
7
Calculate the remainder when 2958 is divided by 190.
108
Calculate the remainder when 12412 is divided by 197.
1
Calculate the remainder when 2682 is divided by 21.
15
Calculate the remainder when 1024 is divided by 213.
172
What is the remainder when 6802 is divided by 7?
5
What is the remainder when 15370 is divided by 95?
75
What is the remainder when 28304 is divided by 1011?
1007
What is the remainder when 2740 is divided by 487?
305
Calculate the remainder when 293 is divided by 270.
23
What is the remainder when 152868 is divided by 490?
478
What is the remainder when 79979 is divided by 183?
8
Calculate the remainder when 88826 is divided by 70.
66
What is the remainder when 7739 is divided by 84?
11
What is the remainder when 105614 is divided by 19?
12
What is the remainder when 597279 is divided by 4?
3
Calculate the remainder when 48698 is divided by 72.
26
What is the remainder when 2036 is divided by 102?
98
What is the remainder when 5004 is divided by 1636?
96
Calculate the remainder when 36094 is divided by 14.
2
What is the remainder when 5710 is divided by 1704?
598
Calculate the remainder when 62840 is divided by 58.
26
What is the remainder when 24610 is divided by 8?
2
Calculate the remainder when 11340 is divided by 2829.
24
What is the remainder when 71889 is divided by 9?
6
Calculate the remainder when 73113 is divided by 10.
3
Calculate the remainder when 327681 is divided by 329.
326
Calculate the remainder when 168582 is divided by 63.
57
Calculate the remainder when 3062 is divided by 277.
15
What is the remainder when 3169 is divided by 532?
509
What is the remainder when 19040 is divided by 214?
208
Calculate the remainder when 5882 is divided by 203.
198
Calculate the remainder when 415675 is divided by 1219.
1215
What is the remainder when 137150 is divided by 180?
170
What is the remainder when 118021 is divided by 58?
49
What is the remainder when 2461 is divided by 290?
141
Calculate the remainder when 905 is divided by 270.
95
Calculate the remainder when 6192 is divided by 26.
4
What is the remainder when 345799 is divided by 19?
18
What is the remainder when 24054 is divided by 56?
30
What is the remainder when 157514 is divided by 157487?
27
Calculate the remainder when 3575 is divided by 533.
377
Calculate the remainder when 298221 is divided by 238.
7
Calculate the remainder when 34453 is divided by 259.
6
What is the remainder when 11923 is divided by 28?
23
What is the remainder when 113762 is divided by 849?
845
Calculate the remainder when 13998 is divided by 21.
12
What is the remainder when 1486 is divided by 485?
31
What is the remainder when 11810 is divided by 5883?
44
What is the remainder when 13071 is divided by 1450?
21
Calculate the remainder when 54587 is divided by 6813.
83
Calculate the remainder when 903 is divided by 85.
53
What is the remainder when 650839 is divided by 307?
306
What is the remainder when 200764 is divided by 10?
4
Calculate the remainder when 4373 is divided by 65.
18
Calculate the remainder when 83818 is divided by 55.
53
What is the remainder when 1534 is divided by 403?
325
Calculate the remainder when 2021 is divided by 985.
51
Calculate the remainder when 48489 is divided by 108.
105
Calculate the remainder when 28011 is divided by 5601.
6
Calculate the remainder when 372006 is divided by 9.
0
Calculate the remainder when 39347 is divided by 19644.
59
What is the remainder when 5679 is divided by 1416?
15
What is the remainder when 4057 is divided by 137?
84
What is the remainder when 7507 is divided by 8?
3
Calculate the remainder when 18276 is divided by 6092.
0
Calculate the remainder when 60443 is divided by 414.
413
Calculate the remainder when 362936 is divided by 389.
388
What is the remainder when 1615454 is divided by 152?
150
What is the remainder when 174031 is divided by 317?
315
Calculate the remainder when 85426 is divided by 1095.
16
Calculate the remainder when 26790 is divided by 406.
400
Calculate the remainder when 3524119 is divided by 38.
37
What is the remainder when 1266 is divided by 571?
124
What is the remainder when 121916 is divided by 64?
60
Calculate the remainder when 5461 is divided by 779.
8
Calculate the remainder when 496 is divided by 436.
60
Calculate the remainder when 8969 is divided by 47.
39
Calculate the remainder when 45434 is divided by 51.
44
What is the remainder when 49672 is divided by 79?
60
Calculate the remainder when 53 is divided by 15.
8
What is the remainder when 365 is divided by 333?
32
Calculate the remainder when 1297897 is divided by 867.
865
What is the remainder when 12433 is divided by 139?
62
What is the remainder when 35153 is divided by 17510?
133
What is the remainder when 137224 is divided by 377?
373
What is the remainder when 336359 is divided by 43?
13
Calculate the remainder when 26849 is divided by 1403.
192
Calculate the remainder when 19243 is divided by 6379.
106
What is the remainder when 7054 is divided by 534?
112
What is the remainder when 81795 is divided by 40892?
11
What is the remainder when 4210212 is divided by 53?
51
What is the remainder when 13867 is divided by 217?
196
Calculate the remainder when 25154 is divided by 367.
198
What is the remainder when 581086 is divided by 18?
10
Calculate the remainder when 1041 is divided by 591.
450
Calculate the remainder when 77713 is divided by 204.
193
What is the remainder when 2713 is divided by 537?
28
Calculate the remainder when 12757 is divided by 290.
287
What is the remainder when 78588 is divided by 11225?
13
What is the remainder when 409343 is divided by 90?
23
Calculate the remainder when 17825 is divided by 180.
5
What is the remainder when 1126 is divided by 371?
13
Calculate the remainder when 3156 is divided by 196.
20
Calculate the remainder when 1302 is divided by 184.
14
Calculate the remainder when 8118 is divided by 547.
460
What is the remainder when 1513 is divided by 708?
97
Calculate the remainder when 8750629 is divided by 867.
865
What is the remainder when 1690598 is divided by 422649?
2
What is the remainder when 71174 is divided by 14?
12
What is the remainder when 1466047 is divided by 8?
7
What is the remainder when 62940 is divided by 17?
6
Calculate the remainde